{"id":184,"date":"2017-02-19T10:58:55","date_gmt":"2017-02-19T10:58:55","guid":{"rendered":"http:\/\/antoniopascotto.it\/?page_id=184"},"modified":"2024-01-22T18:32:50","modified_gmt":"2024-01-22T18:32:50","slug":"link-2","status":"publish","type":"page","link":"https:\/\/antoniopascotto.it\/?page_id=184","title":{"rendered":""},"content":{"rendered":"<p><a href=\"https:\/\/it.wikipedia.org\/wiki\/Antonio_Pascotto\" target=\"_blank\" rel=\"noopener noreferrer\">Wikipedia<\/a><\/p>\n<p><a href=\"https:\/\/twitter.com\/antoniopascotto\" target=\"_blank\" rel=\"noopener noreferrer\">Twitter<\/a><\/p>\n<p><a href=\"https:\/\/www.facebook.com\/antonio.pascotto\" target=\"_blank\" rel=\"noopener noreferrer\">Facebook<\/a><\/p>\n<p><a href=\"https:\/\/www.instagram.com\/antoniopascotto\/\" target=\"_blank\" rel=\"noopener noreferrer\">Instagram<\/a><\/p>\n<p><a href=\"http:\/\/leg16.camera.it\/455\" target=\"_blank\" rel=\"noopener noreferrer\">Stampa Parlamentare<\/a><\/p>\n<p><a href=\"https:\/\/www.media2000.it\/romanzo-digitale-di-antonio-pascotto\/\" target=\"_blank\" rel=\"noopener\">Media Duemila<\/a><\/p>\n<p><a href=\"https:\/\/www.900letterario.it\/interviste\/antonio-pascotto-romanzo-digitale\/\" target=\"_blank\" rel=\"noopener\">&#8216;900 Letterario<\/a><\/p>\n<p><a href=\"https:\/\/leggeretutti.eu\/romanzo-digitale-come-antonio-pascotto-racconta-il-futuro\/\" target=\"_blank\" rel=\"noopener\">Leggere Tutti\u00a0<\/a><\/p>\n<p><a href=\"https:\/\/askanews.it\/2023\/10\/06\/romanzo-digitale-il-nuovo-libro-del-giornalista-antonio-pascotto\/\" target=\"_blank\" rel=\"noopener\">AskaNews<\/a><\/p>\n<p><a href=\"https:\/\/www.ilmattino.it\/cultura\/libri\/antonio_pascotto_romanzo_digitale-7737255.html\" target=\"_blank\" rel=\"noopener\">Il Mattino<\/a><\/p>\n<p><a href=\"https:\/\/www.lidentita.it\/il-romanzo-digitale-il-diario-che-anticipa-un-futuro-fra-uomini-e-macchine\/\" target=\"_blank\" rel=\"noopener\">L&#8217;identit\u00e0<\/a><\/p>\n<p><a href=\"https:\/\/www.exlibris20.it\/romanzo-digitale-di-antonio-pascotto\/\" target=\"_blank\" rel=\"noopener\">Exlibris20<\/a><\/p>\n<p><a href=\"https:\/\/agrpress.it\/romanzo-digitale-il-romanzo-di-antonio-pascotto-su-ieri-oggi-e-domani\/\" target=\"_blank\" rel=\"noopener\">AgrPress<\/a><\/p>\n<p><a href=\"https:\/\/otticheparallelemagazine.com\/2023\/10\/02\/romanzo-digitale-il-tempo-elemento-essenziale-del-nuovo-libro-di-antonio-pascotto\/\" target=\"_blank\" rel=\"noopener\">Ottiche Parallele Magazine<\/a><\/p>\n<p><a href=\"https:\/\/www.librinews.it\/rece\/romanzo-digitale-pascotto-recensione\/\" target=\"_blank\" rel=\"noopener\">LibriNews<\/a><\/p>\n<p><a href=\"https:\/\/www.avantionline.it\/romanzo-digitale-antonio-pascotto-ci-fa-da-virgilio-in-un-nuovo-viaggio-nei-regni-di-passato-presente-e-futuro\/\" target=\"_blank\" rel=\"noopener\">Avanti!<\/a><\/p>\n<p><a href=\"https:\/\/parlamentonews.it\/presentato-a-roma-romanzo-digitale-di-antonio-pascotto-il-sociologo-de-kerckhove-un-libro-profetico\/\" target=\"_blank\" rel=\"noopener\">ParlamentoNews<\/a><\/p>\n<p><a href=\"https:\/\/www.ildubbio.news\/2019\/08\/13\/aiuto-mi-e-sparita-la-rete-e-ho-riscoperto-la-felicita-ora-posso-riconnettermi\/\" target=\"_blank\" rel=\"noopener noreferrer\">Il Dubbio<\/a><\/p>\n<p><a href=\"https:\/\/www.agenpress.it\/2020\/11\/07\/editoria-il-premio-internazionale-le-buone-pratiche-2020-a-il-mondo-senza-internet-di-antonio-pascotto\/\" target=\"_blank\" rel=\"noopener noreferrer\">Premio Internazionale Le Buone Pratiche 2020 a &#8220;Il Mondo senza Internet&#8221; di Antonio Pascotto<\/a><\/p>\n<p><a href=\"https:\/\/www.nellanotizia.net\/scheda_it_89374_12%5E-Edizione-Premio-Letterario_1.html\" target=\"_blank\" rel=\"noopener noreferrer\">12\u00b0 Edizione Premio Letterario Internazionale Citt\u00e0 di Cattolica 2020<\/a><\/p>\n<p><a href=\"https:\/\/www.askanews.it\/cultura\/2019\/12\/18\/mondo-digitale-va-in-ristampa-il-mondo-senza-internet-pn_20191218_00105\/\" target=\"_blank\" rel=\"noopener noreferrer\">Aska News &#8211; In ristampa il libro di Antonio Pascotto &#8216;Il Mondo senza Internet&#8217;<\/a><\/p>\n<p><a href=\"https:\/\/www.agenpress.it\/2019\/10\/06\/a-pascotto-il-premio-cinemalibri-ilcartoceto-per-le-eccellenze-italiane\/\" target=\"_blank\" rel=\"noopener noreferrer\">Premio Cinema&amp;Libri Il Cartoceto per le Eccellenze Italiane<\/a><\/p>\n<p><a href=\"https:\/\/www.communicationtime.it\/pascotto-nella-giungla-del-web-servono-idee-e-competenze\/\" target=\"_blank\" rel=\"noopener noreferrer\">Communication Time\u00a0<\/a><\/p>\n<p><a href=\"http:\/\/www.telegiornaliste.com\/pascotto.htm\" target=\"_blank\" rel=\"noopener noreferrer\">Telegiornalisti<\/a><\/p>\n<p><a href=\"http:\/\/formiche.net\/gallerie\/covassi-conte-macro-foto\/\" target=\"_blank\" rel=\"noopener noreferrer\">Formiche<\/a><\/p>\n<p><a href=\"http:\/\/www.liberi.tv\/webtv\/2016\/04\/22\/video\/consegna-dei-premi-vis-iuridica-e-vis-iuridica-creativa-2016\" target=\"_blank\" rel=\"noopener noreferrer\">Premiazione Vis Iuridica<\/a><\/p>\n<p><a href=\"http:\/\/www.tvzoom.it\/2014\/11\/23\/22498\/antonio-pascotto-tgcom24-la-tv-deve-avere-la-consapevolezza-di-adeguarsi-ai-tempi\/\" target=\"_blank\" rel=\"noopener noreferrer\">TvZoom<\/a><\/p>\n<p><a href=\"http:\/\/www.cinemaitaliano.info\/news\/12682\/film-di-teresa-manganiello-storia-di-una.html\" target=\"_blank\" rel=\"noopener noreferrer\">Cinema<\/a><\/p>\n<p><a href=\"http:\/\/www.archiviodelcinemaitaliano.it\/index.php\/scheda.html?codice=OPEHQF637855&amp;jjj=1487663536208\" target=\"_blank\" rel=\"noopener noreferrer\">Archivio Anica del cinema italiano<\/a><\/p>\n<p><a href=\"http:\/\/www.ussi-campania.it\/wordpress\/gli-iscritti\" target=\"_blank\" rel=\"noopener noreferrer\">Ussi<\/a><\/p>\n<p><a href=\"https:\/\/inciucio.blogspot.it\/2017\/04\/grande-successo-per-la-manifestazione.html\" target=\"_blank\" rel=\"noopener noreferrer\">Inciucio<\/a><\/p>\n","protected":false},"excerpt":{"rendered":"<p>Wikipedia Twitter Facebook Instagram Stampa Parlamentare Media Duemila &#8216;900 Letterario Leggere Tutti\u00a0 AskaNews Il Mattino L&#8217;identit\u00e0 Exlibris20 AgrPress Ottiche Parallele Magazine LibriNews Avanti! ParlamentoNews Il Dubbio Premio Internazionale Le Buone Pratiche 2020 a &#8220;Il Mondo senza Internet&#8221; di Antonio Pascotto 12\u00b0 Edizione Premio Letterario Internazionale Citt\u00e0 di Cattolica 2020 Aska News &#8211; In ristampa il [&hellip;]<\/p>\n","protected":false},"author":2,"featured_media":0,"parent":0,"menu_order":0,"comment_status":"closed","ping_status":"closed","template":"","meta":{"advanced_seo_description":"","jetpack_seo_html_title":"","jetpack_seo_noindex":false,"jetpack_post_was_ever_published":false},"jetpack_sharing_enabled":true,"jetpack_shortlink":"https:\/\/wp.me\/P8swp8-2Y","jetpack-related-posts":[{"id":2,"url":"https:\/\/antoniopascotto.it\/?page_id=2","url_meta":{"origin":184,"position":0},"title":"Antonio Pascotto, giornalista, \u00e8 iscritto\u2026","author":"antonio pascotto","date":"Maggio 10, 2016","format":false,"excerpt":"Antonio Pascotto, giornalista, \u00e8 iscritto alla stampa parlamentare. Lavora a\u00a0Mediaset\u00a0dal 1993. Inviato in Italia e all'estero, impegnato per speciali e rubriche televisive, ha iniziato presto la sua attivit\u00e0 con una lunga esperienza in radio e televisioni private. Pi\u00f9 volte al seguito di papa Giovanni Paolo Secondo\u00a0nei suoi viaggi all'estero e\u2026","rel":"","context":"Articolo simile","block_context":{"text":"Articolo simile","link":""},"img":{"alt_text":"","src":"https:\/\/i0.wp.com\/antoniopascotto.it\/wp-content\/uploads\/2016\/05\/Foto-redazione-200x300.jpg?resize=350%2C200","width":350,"height":200},"classes":[]},{"id":1134,"url":"https:\/\/antoniopascotto.it\/?page_id=1134","url_meta":{"origin":184,"position":1},"title":"Svegliarsi una mattina e scoprire\u2026","author":"Antonio Pascotto","date":"Settembre 30, 2019","format":false,"excerpt":"Svegliarsi una mattina e scoprire che, per motivi di sicurezza internazionale, Internet \u00e8 stato bloccato per sempre. Succede al protagonista di questo libro che, da un giorno all\u2019altro, come tutti, ora si sente straniero in un villaggio che di globale non ha pi\u00f9 niente. La vita di milioni di persone\u2026","rel":"","context":"Articolo simile","block_context":{"text":"Articolo simile","link":""},"img":{"alt_text":"","src":"","width":0,"height":0},"classes":[]},{"id":70,"url":"https:\/\/antoniopascotto.it\/?page_id=70","url_meta":{"origin":184,"position":2},"title":"&nbsp; &nbsp; I vecchi media\u2026","author":"Antonio Pascotto","date":"Febbraio 19, 2017","format":false,"excerpt":"\u00a0 \u00a0 I vecchi media non moriranno, ma l'evoluzione della professione \u00e8 legata al loro adeguamento rispetto alle tecnologie e alla qualit\u00e0 dei contenuti. La tendenza, favorita dalla Rete e dai suoi snodi, \u00e8 di dare spazio all'informazione personalizzata, attraverso sistemi immediati ed economici, capaci di cogliere le novit\u00e0 e\u2026","rel":"","context":"Articolo simile","block_context":{"text":"Articolo simile","link":""},"img":{"alt_text":"","src":"https:\/\/i0.wp.com\/antoniopascotto.it\/wp-content\/uploads\/2017\/02\/158-1.jpg?fit=314%2C403&ssl=1&resize=350%2C200","width":350,"height":200},"classes":[]},{"id":173,"url":"https:\/\/antoniopascotto.it\/?page_id=173","url_meta":{"origin":184,"position":3},"title":"VIDEO E RADIO GALLERY","author":"Antonio Pascotto","date":"Febbraio 19, 2017","format":false,"excerpt":"\u00a0 Clicca sui link per guardare i video e per ascoltare i podcast Romanzo Digitale vince il Premio Letterario Internazionale Citt\u00e0 di Cattolica Gigi Marzullo presenta Romanzo Digitale a Milleunlibro su Rai Uno Romanzo Digitale. Presentazione al Maximilian Bistrot di Segrate Milano 2 Palazzo dei Cigni Romanzo Digitale. Presentazione alla\u2026","rel":"","context":"Articolo simile","block_context":{"text":"Articolo simile","link":""},"img":{"alt_text":"","src":"https:\/\/i0.wp.com\/antoniopascotto.it\/wp-content\/uploads\/2024\/01\/COPERTINA-LIBRO-jpeg.jpg?resize=350%2C200&ssl=1","width":350,"height":200},"classes":[]},{"id":1716,"url":"https:\/\/antoniopascotto.it\/?page_id=1716","url_meta":{"origin":184,"position":4},"title":"Il tempo \u00e8 il filo\u2026","author":"Antonio Pascotto","date":"Ottobre 4, 2023","format":false,"excerpt":"Il tempo \u00e8 il filo conduttore delle pagine di questo libro, dove i ricordi descrivono emozioni che riemergono alla vigilia di grandi cambiamenti. C\u2019\u00e8 una relazione tra tempo e futuro. Il tempo che misura le ore e i giorni e quello che ancora deve arrivare. Il tempo trascorso e quello\u2026","rel":"","context":"Articolo simile","block_context":{"text":"Articolo simile","link":""},"img":{"alt_text":"","src":"https:\/\/i0.wp.com\/antoniopascotto.it\/wp-content\/uploads\/2023\/10\/COPERTINA-LIBRO-jpeg.jpg?resize=350%2C200&ssl=1","width":350,"height":200},"classes":[]}],"_links":{"self":[{"href":"https:\/\/antoniopascotto.it\/index.php?rest_route=\/wp\/v2\/pages\/184"}],"collection":[{"href":"https:\/\/antoniopascotto.it\/index.php?rest_route=\/wp\/v2\/pages"}],"about":[{"href":"https:\/\/antoniopascotto.it\/index.php?rest_route=\/wp\/v2\/types\/page"}],"author":[{"embeddable":true,"href":"https:\/\/antoniopascotto.it\/index.php?rest_route=\/wp\/v2\/users\/2"}],"replies":[{"embeddable":true,"href":"https:\/\/antoniopascotto.it\/index.php?rest_route=%2Fwp%2Fv2%2Fcomments&post=184"}],"version-history":[{"count":35,"href":"https:\/\/antoniopascotto.it\/index.php?rest_route=\/wp\/v2\/pages\/184\/revisions"}],"predecessor-version":[{"id":1956,"href":"https:\/\/antoniopascotto.it\/index.php?rest_route=\/wp\/v2\/pages\/184\/revisions\/1956"}],"wp:attachment":[{"href":"https:\/\/antoniopascotto.it\/index.php?rest_route=%2Fwp%2Fv2%2Fmedia&parent=184"}],"curies":[{"name":"wp","href":"https:\/\/api.w.org\/{rel}","templated":true}]}}

<p><a href="https://it.wikipedia.org/wiki/Antonio_Pascotto" target="_blank" rel="noopener noreferrer">Wikipedia</a></p>
<p><a href="https://twitter.com/antoniopascotto" target="_blank" rel="noopener noreferrer">Twitter</a></p>
<p><a href="https://www.facebook.com/antonio.pascotto" target="_blank" rel="noopener noreferrer">Facebook</a></p>
<p><a href="https://www.instagram.com/antoniopascotto/" target="_blank" rel="noopener noreferrer">Instagram</a></p>
<p><a href="http://leg16.camera.it/455" target="_blank" rel="noopener noreferrer">Stampa Parlamentare</a></p>
<p><a href="https://www.media2000.it/romanzo-digitale-di-antonio-pascotto/" target="_blank" rel="noopener">Media Duemila</a></p>
<p><a href="https://www.900letterario.it/interviste/antonio-pascotto-romanzo-digitale/" target="_blank" rel="noopener">&#8216;900 Letterario</a></p>
<p><a href="https://leggeretutti.eu/romanzo-digitale-come-antonio-pascotto-racconta-il-futuro/" target="_blank" rel="noopener">Leggere Tutti </a></p>
<p><a href="https://askanews.it/2023/10/06/romanzo-digitale-il-nuovo-libro-del-giornalista-antonio-pascotto/" target="_blank" rel="noopener">AskaNews</a></p>
<p><a href="https://www.ilmattino.it/cultura/libri/antonio_pascotto_romanzo_digitale-7737255.html" target="_blank" rel="noopener">Il Mattino</a></p>
<p><a href="https://www.lidentita.it/il-romanzo-digitale-il-diario-che-anticipa-un-futuro-fra-uomini-e-macchine/" target="_blank" rel="noopener">L&#8217;identità</a></p>
<p><a href="https://www.exlibris20.it/romanzo-digitale-di-antonio-pascotto/" target="_blank" rel="noopener">Exlibris20</a></p>
<p><a href="https://agrpress.it/romanzo-digitale-il-romanzo-di-antonio-pascotto-su-ieri-oggi-e-domani/" target="_blank" rel="noopener">AgrPress</a></p>
<p><a href="https://otticheparallelemagazine.com/2023/10/02/romanzo-digitale-il-tempo-elemento-essenziale-del-nuovo-libro-di-antonio-pascotto/" target="_blank" rel="noopener">Ottiche Parallele Magazine</a></p>
<p><a href="https://www.librinews.it/rece/romanzo-digitale-pascotto-recensione/" target="_blank" rel="noopener">LibriNews</a></p>
<p><a href="https://www.avantionline.it/romanzo-digitale-antonio-pascotto-ci-fa-da-virgilio-in-un-nuovo-viaggio-nei-regni-di-passato-presente-e-futuro/" target="_blank" rel="noopener">Avanti!</a></p>
<p><a href="https://parlamentonews.it/presentato-a-roma-romanzo-digitale-di-antonio-pascotto-il-sociologo-de-kerckhove-un-libro-profetico/" target="_blank" rel="noopener">ParlamentoNews</a></p>
<p><a href="https://www.ildubbio.news/2019/08/13/aiuto-mi-e-sparita-la-rete-e-ho-riscoperto-la-felicita-ora-posso-riconnettermi/" target="_blank" rel="noopener noreferrer">Il Dubbio</a></p>
<p><a href="https://www.agenpress.it/2020/11/07/editoria-il-premio-internazionale-le-buone-pratiche-2020-a-il-mondo-senza-internet-di-antonio-pascotto/" target="_blank" rel="noopener noreferrer">Premio Internazionale Le Buone Pratiche 2020 a &#8220;Il Mondo senza Internet&#8221; di Antonio Pascotto</a></p>
<p><a href="https://www.nellanotizia.net/scheda_it_89374_12%5E-Edizione-Premio-Letterario_1.html" target="_blank" rel="noopener noreferrer">12° Edizione Premio Letterario Internazionale Città di Cattolica 2020</a></p>
<p><a href="https://www.askanews.it/cultura/2019/12/18/mondo-digitale-va-in-ristampa-il-mondo-senza-internet-pn_20191218_00105/" target="_blank" rel="noopener noreferrer">Aska News &#8211; In ristampa il libro di Antonio Pascotto &#8216;Il Mondo senza Internet&#8217;</a></p>
<p><a href="https://www.agenpress.it/2019/10/06/a-pascotto-il-premio-cinemalibri-ilcartoceto-per-le-eccellenze-italiane/" target="_blank" rel="noopener noreferrer">Premio Cinema&amp;Libri Il Cartoceto per le Eccellenze Italiane</a></p>
<p><a href="https://www.communicationtime.it/pascotto-nella-giungla-del-web-servono-idee-e-competenze/" target="_blank" rel="noopener noreferrer">Communication Time </a></p>
<p><a href="http://www.telegiornaliste.com/pascotto.htm" target="_blank" rel="noopener noreferrer">Telegiornalisti</a></p>
<p><a href="http://formiche.net/gallerie/covassi-conte-macro-foto/" target="_blank" rel="noopener noreferrer">Formiche</a></p>
<p><a href="http://www.liberi.tv/webtv/2016/04/22/video/consegna-dei-premi-vis-iuridica-e-vis-iuridica-creativa-2016" target="_blank" rel="noopener noreferrer">Premiazione Vis Iuridica</a></p>
<p><a href="http://www.tvzoom.it/2014/11/23/22498/antonio-pascotto-tgcom24-la-tv-deve-avere-la-consapevolezza-di-adeguarsi-ai-tempi/" target="_blank" rel="noopener noreferrer">TvZoom</a></p>
<p><a href="http://www.cinemaitaliano.info/news/12682/film-di-teresa-manganiello-storia-di-una.html" target="_blank" rel="noopener noreferrer">Cinema</a></p>
<p><a href="http://www.archiviodelcinemaitaliano.it/index.php/scheda.html?codice=OPEHQF637855&amp;jjj=1487663536208" target="_blank" rel="noopener noreferrer">Archivio Anica del cinema italiano</a></p>
<p><a href="http://www.ussi-campania.it/wordpress/gli-iscritti" target="_blank" rel="noopener noreferrer">Ussi</a></p>
<p><a href="https://inciucio.blogspot.it/2017/04/grande-successo-per-la-manifestazione.html" target="_blank" rel="noopener noreferrer">Inciucio</a></p>

<p>Wikipedia Twitter Facebook Instagram Stampa Parlamentare Media Duemila &#8216;900 Letterario Leggere Tutti  AskaNews Il Mattino L&#8217;identità Exlibris20 AgrPress Ottiche Parallele Magazine LibriNews Avanti! ParlamentoNews Il Dubbio Premio Internazionale Le Buone Pratiche 2020 a &#8220;Il Mondo senza Internet&#8221; di Antonio Pascotto 12° Edizione Premio Letterario Internazionale Città di Cattolica 2020 Aska News &#8211; In ristampa il [&hellip;]</p>

Antonio Pascotto, giornalista, è iscritto…

Antonio Pascotto, giornalista, è iscritto alla stampa parlamentare. Lavora a Mediaset dal 1993. Inviato in Italia e all'estero, impegnato per speciali e rubriche televisive, ha iniziato presto la sua attività con una lunga esperienza in radio e televisioni private. Più volte al seguito di papa Giovanni Paolo Secondo nei suoi viaggi all'estero e…

Svegliarsi una mattina e scoprire che, per motivi di sicurezza internazionale, Internet è stato bloccato per sempre. Succede al protagonista di questo libro che, da un giorno all’altro, come tutti, ora si sente straniero in un villaggio che di globale non ha più niente. La vita di milioni di persone…

I vecchi media non moriranno, ma l'evoluzione della professione è legata al loro adeguamento rispetto alle tecnologie e alla qualità dei contenuti. La tendenza, favorita dalla Rete e dai suoi snodi, è di dare spazio all'informazione personalizzata, attraverso sistemi immediati ed economici, capaci di cogliere le novità e…

Clicca sui link per guardare i video e per ascoltare i podcast Romanzo Digitale vince il Premio Letterario Internazionale Città di Cattolica Gigi Marzullo presenta Romanzo Digitale a Milleunlibro su Rai Uno Romanzo Digitale. Presentazione al Maximilian Bistrot di Segrate Milano 2 Palazzo dei Cigni Romanzo Digitale. Presentazione alla…

Il tempo è il filo…

Il tempo è il filo conduttore delle pagine di questo libro, dove i ricordi descrivono emozioni che riemergono alla vigilia di grandi cambiamenti. C’è una relazione tra tempo e futuro. Il tempo che misura le ore e i giorni e quello che ancora deve arrivare. Il tempo trascorso e quello…
